s (-2 - -2) + (-24 - 33) + 54 - (-2 + 24)?
-25
What is 0 - ((-8 - (-1 + -2 + -16)) + -100 + 153)?
-64
What is the value of -10 + (23 + -42 + 3 - -64)?
38
What is -61 - ((3 - -1) + 7 + -8 - (10 - 7))?
-61
Calculate 33 + -21 + -3 + 12 - -24.
45
Calculate -17 + (29 + -49 + -15 - 5).
-57
Calculate (141 - 110) + -8 + -53.
-30
Evaluate (1 - (6 - 1)) + (-326 - -154) + 226.
50
What is the value of -66 + (4 + 79 - -9)?
26
What is (12 - 1) + -102 + (-80 - -166)?
-5
Calculate 12 + (4 - -22 - 20) + -5.
13
Evaluate 5 + (-8 + 11 - 23) + 3.
-12
What is the value of -38 - (-9 + 13 + -8 + -7 - 7)?
-20
What is 32 - (61 + 4 + 35)?
-68
What is 18 + -56 + 2 + 40?
4
Calculate 7 + -1 - (252 + -276).
30
What is 8 + -6 - (-3 - (-7 + -1 - -14))?
11
Calculate (12 - -3 - (-20 + 8 - -25)) + (-2 - 44).
-44
Evaluate (-1 - 6) + 1 + -722 + 716.
-12
Calculate -2 + -73 + ((-26 - -1) + -3 + 21 - -18).
-64
-114 + 142 - (3 - -11) - 12
2
146 - 169 - (27 - 33 - (-8 + 0) - 13)
-12
What is 6 - (16 - ((11 - 0) + -19))?
-18
What is the value of -270 + 270 + ((0 - (0 + 3)) + 4 - 51)?
-50
Calculate (1 - 14) + 10 + (-299 - -314 - (12 + 0)).
0
What is the value of 6 + (0 - -2 - (-41 - -32) - 9)?
8
28 + -45 + -9 - (-1 + -12) - 15
-28
95 + (38 + -19 - 32) - 15
67
-51 + -12 + 24 - (-2 + -58)
21
What is the value of 25 + -32 + 10 + 11 + (-2 - 0)?
12
What is the value of -1 + 24 - (11714 + -11736)?
45
Calculate 84 + 9 + -3 + 0 - (-4 + (23 - 25)).
96
-12 + 6 + 2 + (6 + 50 - 15)
37
Evaluate (104 - (-16 + 57)) + -22 + -4.
37
(1 - (60 + 6)) + -20 + (6 - -19)
-60
Evaluate -6 + (3 + -6 - -9) - -30 - (-8 - -1).
37
Evaluate 16 + (-18 - 11) + 1 - 0.
-12
Calculate -25 + 12 + (34 - 56) + 18 + -4 + -2.
-23
What is the value of -2 - ((3 - -81) + -185 + 165 + -2 + 14)?
-78
What is the value of -3 + (4 - (-39 + 15 + 44))?
-19
What is the value of 48 + -25 + 6 + -9 - 16 - 33?
-29
-16 - (76 + -55 + -3)
-34
Calculate -1 - (-43 - (-31 + 23)) - 141.
-107
What is the value of -12 + 9 - (349 - 335)?
-17
What is -12 - -7 - (-1 + 13 + -20 + 53 + -27)?
-23
Evaluate 47 + (44 - 61) + (2 - 2) + 2.
32
1 + 1 + (2 - (4 - -18)) + (3160 - 3159)
-17
Evaluate -2 - -18 - ((-319 - -199) + 143).
-7
-43 + 1 + (-5 - 1) + 196 + -196 - -2
-46
Calculate -22 - (160 + (22 + -35 - -7 - 20)).
-156
What is 2 + 3 + (1 - 0) - (-118 + -79 + 126)?
77
What is (2 - 0) + -20 + 21 + -11 + 24 + -35?
-19
Calculate -2 + -9 + (-450 + 414 - (-7 - 0)).
-40
16 + (54 - 32) - 81
-43
What is -22 + 12 - (-7 - (9 - (1 + -4))) - 22?
-13
Evaluate 77 - (18 - ((-10 - 18) + 26)).
57
Evaluate 302 - 288 - ((-1 - -2) + 58).
-45
39 + 86 - 13 - 215
-103
What is the value of (-76 - -28) + (-10 - -23)?
-35
Evaluate -19 + 16 - (14 + 46 + 8 + 13).
-84
-25 + -23 + (72 + (-23 - -18) - 15)
4
(67 - -5) + 599 + -752
-81
What is the value of (-10 - -46) + -3 + -16 + 36?
53
Calculate 38 + -1 + (4898 - 4865).
70
Evaluate 22 + (-16 - -9) + 0 + (6 - -8).
29
Calculate 17 + 2 - (-3 + 1 - (-20 + -8)).
-7
Evaluate (5 - -34) + 4 + -21 - -55.
77
Evaluate 58 - ((418 - 441) + 7 + 0 + 2).
72
What is the value of -10 + (-6 + 2 + 4 - 5) - (-23 - -22)?
-14
Calculate -1 - -11 - (17 - (-86 - -170)).
77
Calculate 1 + 36 + 2 + (-23 - (-28 - -21) - -20).
43
-4 + (22 - (21 + -5 + 67))
-65
31 + 7 + (-23 - -52) + 23
90
Calculate 54 + -97 + 8 + 105.
70
Evaluate ((8 - 20) + 1 - -68) + -19.
38
Evaluate -5 + 4 + -18 + (-4 + -49 - -75).
3
0 - 24 - (-222 + 227) - -11
-18
What is the value of -6 - -5 - (-47 + 24 + 4)?
18
Evaluate 31 + -6 + (-103 - -25).
-53
Evaluate (30 - 0) + 4083 + -4107.
6
What is the value of (2 - -56) + 187 + -202 - (0 + 1)?
42
Calculate -43 + (144 - 101) + -2 + (-2 - -77).
73
Calculate (-10 - (-8 - 0)) + 1 + (-7 - -13).
5
What is the value of -21 + (56 + -35 - -31)?
31
75 - (-88 + 289) - -98
-28
Evaluate (-15 - -24) + (3 - -8) + -25.
-5
Calculate -11 + -8 + (10 - 10) - -46.
27
-27 - 6 - (-3 + 3 - (-46 - -44))
-35
Evaluate -54 + (123 + -129 - ((-1 - 3 - -5) + -7)).
-54
What is the value of -69 + 12 - (2 + (-6 - (-1 - 13)))?
-67
What is (1 - 6) + -2416 + 2489?
68
Evaluate -767 - -819 - (-2 - -58).
-4
84 + (-107 - (-85 - -214))
-152
-73 - 7 - -59 - (1 - -3)
-25
What is 5 + 16 + -7 + -3 + 4 + 61 - 0?
76
Evaluate -89 - (-13 + -86 + 37).
-27
Evaluate -9 + (-2 - (-6 - (-14 - -9))) - (55 + -8).
-57
What is 17384 - 17391 - (-1 + -110)?
104
Evaluate (-1 - -12) + (-149 - (-431 + 249)).
44
(10 - (-13 - -2)) + (40 - 42)
19
What is the value of 16 - (-13 - -25) - (-25 + 7)?
22
What is the value of -295 + 249 + 60 + 0?
14
What is the value of 34 + (-16 + -20 - -33) + -10?
21
33 - (87 - (36 + 4)) - 38
-52
Evaluate -1223 - -1156 - (-3 + -2 + 0 + 12).
-74
-1446 - -1472 - (2 + 2 + -2 - 13)
37
27 + 1 + -12 + (-246 - -236)
6
-148056 - -148079 - (138 + -1 - -1)
-115
What is the value of -2 + -3 + (5 - -3 - (-71 + -17 + 33))?
58
Evaluate -5 + (-6 - -5 - -16) + 86 + -82.
14
Calculate 5 + (0 + -33 - (8 + -38)).
2
What is the value of -7 - (5 + 9 + -27)?
6
What is 71 + ((-12 + 11 - -13 - 25) + 8 - 5)?
61
-32 + (-1 - -2) + 19 + 0 + -12 + 3
-21
Calculate 8 - (44 - (-2 + 4) - -3 - -7) - 8.
-52
What is the value of 264 + -44 + (-109 - -19)?
130
-53 - ((16 - -4 - 20) + -16)
-37
What is the value of 56 - (32 - (-69 - -104))?
59
What is -17 + -12 + 34 + -66?
-61
Evaluate -18 + 6 + (5 - 2) + 0 + (-1 - -3).
-7
Evaluate (-43 - ((-63 - -61) + 0 + 4)) + -11 - 12.
-68
Evaluate 48 - (-25 - (51 - 96)).
28
1 - (-48 - (8 - 4 - 15) - -4)
34
Evaluate -80 - (-57 + 64 - 28).
-59
Evaluate -10 + 64 + -12 + -52.
-10
What is the value of (43 - 305) + 99 + 93?
-70
Evaluate (36 + -51 - -36) + 17.
38
What is -28 + -34 + -59 + 68?
-53
Evaluate -18 + (24 - -9 - 18) - -8.
5
What is the value of -12 - -19 - (3 - -4 - (-15 + 0 - -13))?
-2
Evaluate -9 + 15 - (37 - (35 + -3)).
1
Evaluate -10 - 29 - (-12 - (8 - (11 + 8))).
-38
28 + -35 + 93 + -4 + 22
104
68 + 7 + 23 + -29 + -12
57
What is (8 - 0) + 30 - (12 + -1 - (15 - -6))?
48
Calculate 11 + 4 + -22 + -46 + 57.
4
Calculate 97 - (-40 - (13 - 52) - -19).
79
What is (-33 - 85 - -113) + 76 + (2 - 0)?
73
What is -18 + (5 + -1 - -10) + -18?
-22
What is the value of (15 + -161 - -150) + 0 + -3?
1
Calculate (-121 - (-3 + 6)) + (-321 + 340 - (2 - -32)).
-139
Calculate -13 - (5 + (-64 - -106)).
-60
Evaluate -4 - (-18 - -22 - 29 - (-1 + 10)).
30
What is 23 + ((0 - 5) + (-60 - -52) - -11)?
21
What is -11 + -17 - 0 - -13 - (13 - (2 - 7))?
-33
Evaluate (-5022 - -4936) + (-33 - (-1 - 2)).
-116
What is -34 - (-20 + (-6 - -29 - 0 - 9))?
-28
148 + -117 + (-14 - 33)
-16
Calculate -7 - (-1 + 10 + 1 + -12) - (-12 - 2).
9
What is -8 + 7 + -40 + 19?
-22
What is 4 + (-40 - (9 - (5 - -21)))?
-19
What is (1397 - 1277) + -63 + 1?
58
Evaluate (73 - 3) + 19 + 26 + -59.
56
What is the value of -14 - 3 - (-229 + 215) - (-21 - 5 - -4)?
19
18 - (1 + -3) - ((-23 - -135) + -29)
-63
What is the value of -78 + (-9 - -61 - 26) + 11?
-41
(60 + -57 - (-30 - -2)) + 16
47
Calculate (8 - (14 - 5)) + 16 + (-65 - -18).
-32
What is -28 + 7 + -13 - (2 + 4)?
-40
What is (-17 - -4) + 4 + (-67 - -44)?
-32
Evaluate -5 + -3 + (-15 + (-2 - -7) - -2) + -18.
-34
Calculate -88 - (1 + -2 + -16 + 20 + -18 + 5).
-78
What is (6 - (17 - -1 - 23)) + -21?
-10
Calculate 3 - -24 - ((-59 - -15) + 142).
-71
Evaluate 13 - (0 + (3 - 8)) - 65.
-47
What is -125 + 100 + 63 - (14 - 0)?
24
What is (5 - 0) + -13 + 95 + -98 + -6 + 1?
-16
What is -11 + ((-4 - -32) + -17 - -63)?
63
Calculate 18 + -26 + (-19 - (-31 + -11)).
15
Evaluate -4 - ((-24 - -2) + -76 + 172).
-78
What is 33 + 99 + 25 + -26 - 41?
90
Calculate (100 - 148) + 21 + -4 + 7.
-24
What is the value of (-6 - (-5 - -3)) + -3 - ((36 - 56) + 138)?
-125
19 + -21 - (1 - 60 - (-26 + 42 + -24))
49
What is the value of 6 + (11 - (19 + -13 - -4 - -8))?
-1
What is -77 - (34 - (-40 - -206))?
55
What is the value of 1 - (10 + 0) - 2 - (-82 + (195 - 59))?
-65
What is the value of -2 - 3 - (-119 + 187 + -62)?
-11
(114 - (180 - 48)) + 0 + -22 + -2
-42
Calculate 11 - 0 - (-120 + (28 - -33)) - -10.
80
-123 - -115 - (5 - -6) - 53
-72
Calculate 24 + 23 + (-60 - -37).
24
What is -34 - -64 - (3 - 9)?
36
What is the value of -8 - (-31 - (58 - -2))?
83
Evaluate 1 - 6 - ((-18 - -27) + -39 + 43).
-18
Calculate (-26 + 29 + 12 - 19) + 102.
98
Evaluate -45 - ((13 + 2 - -1) + 58 + -22 + -49).
-48
Evaluate (-1 + -1 - 17) + (709 - 716).
